es 16 divide 2909392?
True
Is 5076 a multiple of 6?
True
Is 310811 a multiple of 206?
False
Is 147 a factor of 3673236?
True
Is 436770 a multiple of 414?
True
Does 163 divide 10973386?
False
Is 1790878 a multiple of 103?
False
Is 29 a factor of 3987500?
True
Is 228468 a multiple of 12?
True
Does 177 divide 822873?
True
Is 79 a factor of 1270399?
True
Does 10 divide 864640?
True
Is 1388465 a multiple of 205?
True
Does 8 divide 1026921?
False
Is 9 a factor of 18471692?
False
Does 17 divide 100289?
False
Is 519173 a multiple of 173?
True
Is 38 a factor of 2326944?
False
Does 52 divide 232795?
False
Does 9 divide 495513?
True
Does 239 divide 88804?
False
Does 32 divide 252285?
False
Does 57 divide 76553?
False
Does 8 divide 1271?
False
Is 87 a factor of 3109380?
True
Does 14 divide 653310?
True
Does 39 divide 2183961?
True
Is 1595 a factor of 35072455?
True
Does 17 divide 1893817?
True
Is 5310917 a multiple of 28?
False
Is 250422 even?
True
Is 2961 a factor of 17530990?
False
Is 88 a factor of 375815?
False
Is 330 a factor of 1266206?
False
Does 5 divide 42799?
False
Does 41 divide 21486419?
True
Is 842638 a multiple of 310?
False
Is 54 a factor of 1015824?
False
Does 12 divide 16765985?
False
Is 86 a factor of 337808?
True
Does 140 divide 123760?
True
Is 4 a factor of 592011?
False
Does 14 divide 218178?
False
Is 138925 a multiple of 25?
True
Is 113792 a multiple of 224?
True
Is 301518 a multiple of 126?
True
Is 64120 a multiple of 40?
True
Is 11479744 a multiple of 12?
False
Is 653959 a multiple of 3?
False
Is 50 a factor of 12619?
False
Does 16 divide 741175?
False
Is 26 a factor of 341302?
True
Does 1994 divide 10430898?
False
Is 226530 a multiple of 9?
True
Is 187783 a multiple of 79?
True
Is 14015837 a multiple of 16?
False
Is 53 a factor of 36676?
True
Is 66300 a multiple of 60?
True
Does 19 divide 24215?
False
Does 17 divide 73576?
True
Is 34 a factor of 188453?
False
Does 461 divide 1701893?
False
Does 8 divide 134464?
True
Does 10 divide 1818809?
False
Is 59892 a multiple of 92?
True
Does 55 divide 3437225?
True
Is 15 a factor of 46860?
True
Is 39 a factor of 931515?
True
Is 250 a factor of 4196500?
True
Is 1621684 a multiple of 12?
False
Is 18 a factor of 29286?
True
Does 386 divide 402234?
False
Is 22540 a multiple of 20?
True
Does 122 divide 1290461?
False
Does 28 divide 996543?
False
Is 29 a factor of 474918?
False
Is 4088786 a multiple of 42?
False
Does 306 divide 72522?
True
Is 39 a factor of 793884?
True
Is 595071 a multiple of 324?
False
Is 796 a factor of 6958632?
True
Is 6 a factor of 13800?
True
Does 8 divide 856000?
True
Is 2 a factor of 1377191?
False
Is 176265 a multiple of 45?
True
Is 307736 a multiple of 27?
False
Is 29 a factor of 64802?
False
Is 25201 a multiple of 252?
False
Is 78832 a multiple of 26?
True
Is 38 a factor of 261941?
False
Is 8 a factor of 1370576?
True
Is 2173379 a multiple of 48?
False
Is 3977 a multiple of 118?
False
Is 13 a factor of 3654482?
True
Does 183 divide 923052?
True
Does 631 divide 139050?
False
Is 7 a factor of 2955?
False
Is 67201 a multiple of 185?
False
Is 9467674 a multiple of 218?
False
Is 47 a factor of 369373?
True
Is 8 a factor of 4756551?
False
Is 26 a factor of 153666?
False
Is 186 a factor of 553346?
False
Does 9 divide 297970?
False
Is 168 a factor of 225987?
False
Is 3025456 a multiple of 68?
True
Is 276 a factor of 1197012?
True
Is 2788506 a multiple of 567?
True
Is 70 a factor of 152740?
True
Is 3903744 a multiple of 442?
True
Is 72 a factor of 5161320?
True
Is 495 a factor of 2781900?
True
Does 3 divide 2119092?
True
Is 17028 a multiple of 26?
False
Is 268 a factor of 17565100?
False
Is 504046 a multiple of 43?
True
Does 36 divide 547674?
False
Is 267 a factor of 4026894?
True
Does 15 divide 704100?
True
Does 360 divide 2062687?
False
Is 116 a factor of 179792?
False
Is 87 a factor of 8123274?
False
Is 364744 a multiple of 13?
False
Does 117 divide 281034?
True
Is 300 a factor of 1123500?
True
Is 108144 a multiple of 25?
False
Does 6 divide 28476?
True
Does 18 divide 382154?
False
Does 177 divide 9432767?
False
Is 149688 a multiple of 216?
True
Does 25 divide 13081725?
True
Does 11 divide 217515?
False
Is 1681746 a multiple of 33?
True
Does 327 divide 42183?
True
Is 45 a factor of 160712?
False
Does 94 divide 52358?
True
Is 449610 a multiple of 105?
True
Is 292607 a multiple of 13?
False
Does 13 divide 43313?
False
Does 644 divide 175434?
False
Is 242572 a multiple of 30?
False
Does 5 divide 5611805?
True
Does 80 divide 464320?
True
Is 537873 a multiple of 3?
True
Is 93 a factor of 1062790?
False
Does 18 divide 503857?
False
Does 17 divide 6985963?
True
Does 1417 divide 4376748?
False
Is 4752870 a multiple of 2?
True
Is 585 a factor of 606645?
True
Does 41 divide 3452026?
False
Is 2899 a multiple of 7?
False
Is 131288 a multiple of 77?
False
Is 2584992 a multiple of 155?
False
Is 75765 a multiple of 5?
True
Is 66629 a multiple of 139?
False
Does 5 divide 2918740?
True
Does 323 divide 1278111?
True
Does 45 divide 3107835?
True
Does 13 divide 216044?
False
Does 18 divide 725887?
False
Is 19 a factor of 16366676?
True
Does 9 divide 4203?
True
Is 73437 a multiple of 13?
True
Does 347 divide 106182?
True
Is 139 a factor of 102026?
True
Does 72 divide 1318?
False
Is 1477590 a multiple of 7?
False
Is 1494295 a multiple of 101?
True
Is 846426 a multiple of 129?
False
Does 50 divide 605394?
False
Is 128 a factor of 655360?
True
Does 101 divide 802544?
False
Is 1032178 a multiple of 13?
False
Is 11 a factor of 1916068?
True
Is 9 a factor of 3639604?
False
Is 9860 a multiple of 10?
True
Is 120 a factor of 345078?
False
Is 336384 a multiple of 192?
True
Does 3 divide 2278557?
True
Is 1147500 a multiple of 250?
True
Is 70122 a multiple of 29?
True
Does 668 divide 476136?
False
Is 349 a factor of 685087?
True
Does 2 divide 379259?
False
Is 546 a factor of 2186184?
True
Does 73 divide 608780?
False
Is 71760 a multiple of 13?
True
Does 19 divide 29849?
True
Does 168 divide 515382?
False
Is 484890 a multiple of 210?
True
Is 374081 a multiple of 83?
True
Does 28 divide 176187?
False
Is 331 a factor of 585233?
False
Is 7 a factor of 67091?
False
Is 4 a factor of 773710?
False
Is 1962908 a multiple of 61?
False
Is 2780568 a multiple of 9?
True
Is 4 a factor of 14812?
True
Is 3542994 a multiple of 273?
True
Does 318 divide 13849854?
True
Is 5845673 a multiple of 70?
False
Is 459800 a multiple of 475?
True
Does 92 divide 1083208?
True
Does 20 divide 432080?
True
Is 2598891 a multiple of 20?
False
Does 216 divide 8478432?
True
Is 1078641 a multiple of 186?
False
Does 115 divide 196931?
False
Is 10 a factor of 236406?
False
Does 5 divide 35940?
True
Is 793044 a multiple of 21?
True
Does 24 divide 71560?
False
Is 144705 a multiple of 3?
True
Is 1170731 a multiple of 3?
False
Is 348240 a multiple of 60?
True
Does 33 divide 145332?
True
Is 30016 a multiple of 32?
True
Is 71 a factor of 12126303?
True
Is 57707 a multiple of 220?
False
Does 25 divide 2771175?
True
Is 311850 a multiple of 630?
True
Is 16 a factor of 531568?
True
Is 227461 a multiple of 158?
False
Is 23 a factor of 7958958?
False
Is 1959750 a multiple of 75?
True
Does 35 divide 21663?
False
Is 21 a factor of 1458009?
True
Is 13616 a multiple of 184?
True
Is 23 a factor of 1452854?
False
Does 17 divide 158100?
True
Does 76 divide 454936?
True
Is 203496 a multiple of 417?
True
Is 7141925 a multiple of 175?
True
Is 99 a factor of 897732?
True
Is 24 a factor of 65849?
False
Is 32 a factor of 20451?
False
Is 67 a factor of 89110?
True
Does 318 divide 20313840?
True
Does 57 divide 489991?
False
Does 119 divide 1449899?
False
Does 282 divide 6320223?
False
Is 4 a factor of 22712?
True
Does 94 divide 1975239?
False
Is 8 a factor of 35562?
False
Does 615 divide 1958420?
False
Is 313760 a multiple of 534?
False
Is 19 a factor of 1717596?
False
Does 2 divide 33168?
True
Does 14 divide 193604?
False
Is 16 a factor of 1019372?
False
Is 154353 a multiple of 23?
True
Is 28 a factor of 253447?
False
Does 31 divide 1038221?
True
Does 534 divide 222852?
False
Does 134 divide 1306902?
True
Does 46 divide 152122?
True
Is 314 a factor of 85722?
True
Is 51348 a multiple of 11?
True
Does 6 divide 986208?
True
Is 85178 a multiple of 12?
False
Is 581973 a m